greatest common factor of i and 282?
141
Suppose -4*l = -2*b + 16, 4*b + 4*l + 15 = -1. Suppose 9*k - 4*k - 3285 = b. What is the highest common divisor of k and 146?
73
Let p be (4 + -2)*4/2*2. Suppose 832 = -28*n + 44*n. Calculate the highest common divisor of p and n.
4
Suppose -14*c + 1393 + 3535 = 0. Suppose -9 = -3*a, 1273 = 2*z - 5*a + c. Calculate the greatest common factor of z and 108.
36
Suppose 65*h = 73*h - 496. Suppose -y + 64 - h = 0. Calculate the highest common factor of 14 and y.
2
Let s = 12637 + -12169. Calculate the greatest common divisor of s and 252.
36
Let b be (3690/1353)/(1/209). Calculate the greatest common factor of b and 228.
114
Suppose -872*o + 736*o + 3808 = 0. What is the greatest common divisor of o and 9968?
28
Let q(o) = -54 + 6*o + 66*o**2 - 30*o - 30*o**2 - 30*o**2. Let l be q(12). What is the highest common divisor of l and 116?
58
Let x be 3/(6*7/(-10934)). Let p = x - -1180. What is the greatest common divisor of 114 and p?
57
Let p be 95/475 + (-288)/(-10). Suppose 4*a - 7*a + 696 = 0. What is the highest common factor of a and p?
29
Let f be (2/(-4))/((-4)/8). Suppose r + 4*k - 32 - 3 = 0, -17 = -r - k. Calculate the greatest common divisor of r and f.
1
Let a = 109 - -38. Let v be (-4580)/(-35) + (-10 - (-781)/77). Suppose u - a = -v. Calculate the greatest common factor of u and 48.
16
Let l(z) = -31*z - 1. Let x = 0 - 1. Let j be l(x). Let n = 617 + -597. What is the highest common divisor of n and j?
10
Suppose -8*t + 16*t = 0. Suppose 3*g - 6*g + 171 = t. What is the highest common factor of g and 456?
57
Let p(t) = -t**2 + 7. Let h(b) = 2*b**2 - 3*b - 27. Let o(x) = h(x) + p(x). Let c be o(7). What is the highest common divisor of c and 16?
8
Let x(z) = z + 61. Let q be x(-22). Suppose -5*p + q + 186 = 0. Calculate the greatest common factor of p and 15.
15
Let v = 26 + -1. Suppose 0 = h - 71 - v. Suppose 2*s - 24 = -2*n, 0*s + 2*n + 24 = 2*s. Calculate the greatest common divisor of h and s.
12
Let l be -2*138*(-72)/108. Calculate the greatest common factor of l and 1058.
46
Let x be (-30)/(-9)*-6*3/(-6). Suppose -x*i = -7*i + 135. Let l be ((-6)/(-8))/((i/(-160))/9). Calculate the greatest common factor of l and 60.
12
Let h(u) = 42*u + 43. Let j be h(17). Let n = -667 + j. What is the greatest common factor of 105 and n?
15
Let b(y) = 10*y**3 + 2*y**2 + 3*y + 2. Let l be b(-1). Let r be 1*22*(l/(-6) - 1). Calculate the greatest common factor of r and 352.
11
Let i = -12191 - -12303. Calculate the highest common divisor of i and 2704.
16
Let f = -476 + 479. Suppose -4*y + 382 = 3*s, -2*s + 108 = f*y - 147. Calculate the highest common divisor of 63 and s.
63
Let x be (-1)/((-164)/162 - -1). Suppose 4*b - 159 = x. Let c be -5*(-4)/130 - (-1290)/65. What is the highest common divisor of c and b?
20
Suppose 0 = 2*z + a - 5916, -3*z - 157*a + 161*a + 8841 = 0. Calculate the greatest common factor of z and 225.
15
Let b(f) = -2*f**3 + 44*f**2 + 97*f + 3. Let a be b(15). Calculate the highest common divisor of 9 and a.
9
Suppose 3*h + 2*z - 820 = 0, -3*h - 105 = 3*z - 927. Let o(t) = t**3 - 21*t**2 - 24*t + 61. Let f be o(22). What is the highest common factor of f and h?
17
Let b(h) = -h**3 + 49*h**2 - 91*h + 67. Let r be b(45). Calculate the greatest common divisor of r and 32.
8
Suppose w = -3*c + 333, w = 3*c + c + 347. Suppose -3*o + w + 60 = 0. Suppose 6*l - o = 83. What is the greatest common divisor of 90 and l?
18
Let n be -1 + (234 - 2)/4. Suppose 33 = k + m, -2*k + 4*m + n + 27 = 0. Let d be (-14 - (2 + -4))*-3. What is the highest common factor of d and k?
36
Suppose 217 = d - 2*p + 139, 156 = 2*d + p. What is the greatest common divisor of d and 21?
3
Let d(n) = 20*n**2 - 16*n - 73. Let p be d(-5). Calculate the highest common divisor of 39 and p.
39
Let m be -2 + 2 + ((-1007)/(-1))/(6 + -5). What is the greatest common divisor of 133 and m?
19
Suppose 19*u = 8*u - 7*u. Suppose u = -13*i + 11*i + 130. What is the greatest common divisor of 52 and i?
13
Suppose 2*b + 27 - 439 = 0. Let j = -131 + b. Suppose -3*x - j = -8*x. What is the highest common divisor of 9 and x?
3
Let r(n) = n**3 - 11*n**2 + 10*n + 16. Let w be r(11). Let a be ((-42)/45)/(14/(-35))*9. What is the greatest common factor of a and w?
21
Let k be -13 - -18 - 7/(-1). Suppose -4*y = -k*y + 640. Suppose -3*z + 72 = -24. Calculate the greatest common factor of y and z.
16
Suppose 5*a - 4*n = 559, 5*n = a - 64 - 31. Suppose -39*o - 491 = -686. Calculate the highest common divisor of o and a.
5
Let j be 44/330 + 58/15. Suppose -62 = -j*x + 2. Calculate the highest common factor of 24 and x.
8
Suppose -9*x + 36*x + 8*x - 10850 = 0. Calculate the highest common factor of x and 465.
155
Suppose 51*l - 39000 = 14946 + 29949. Calculate the highest common divisor of 35 and l.
35
Let o = -73 - -139. What is the greatest common divisor of 682 and o?
22
Suppose -4*s - 84 = 1891*b - 1894*b, 3*b - s - 84 = 0. What is the highest common factor of b and 16772?
28
Let y(u) = 10*u + 64. Let f(x) = 10*x + 66. Let d(r) = 3*f(r) - 2*y(r). Let n be d(19). What is the highest common divisor of n and 20?
20
Let p be 13 + 4/(-3)*3. Suppose 0 = 7*f - 27 - 8. Suppose 6*l - 27 = f*l. Calculate the highest common factor of p and l.
9
Let o be (20 + -12 - 12)*-45. What is the greatest common divisor of 4635 and o?
45
Let c = 13 - 30. Let i = c - -21. Let k = i + 9. Calculate the highest common divisor of 104 and k.
13
Suppose 2243 - 695 = -4*q. Let z be q/(-63) + (-2)/14. Calculate the greatest common factor of z and 78.
6
Suppose -115*k = -120*k + 200. Calculate the greatest common factor of 472 and k.
8
Let u = -4057 + 4233. What is the greatest common divisor of u and 80?
16
Let t = 195 + -161. Let f = t - -50. Let s = 42 + -14. What is the highest common factor of s and f?
28
Suppose -25 - 27 = -4*k. Suppose 4*x + 6890 = 7*x + 7*x. What is the greatest common factor of x and k?
13
Let w(o) = -16*o + 1. Let v be w(-4). Let f = 1127 + -617. Let i = f - 484. What is the greatest common divisor of v and i?
13
Let o = -197 - -200. Suppose j + o = 9. Suppose 5*q - 15 + 0 = 0. What is the highest common divisor of q and j?
3
Let h be 276/8*1*(-6 - 0). Let r = h + 305. What is the highest common divisor of r and 14?
14
Let o = -3312 + 10429. Calculate the greatest common factor of 22 and o.
11
Let b = 43 + 36. Suppose -83*r + 12 = -b*r. What is the highest common divisor of 21 and r?
3
Let u(a) = 3*a**3 + 40 + 4*a**3 - 8*a**3 + a**2. Let t = -220 + 220. Let d be u(t). What is the greatest common factor of 100 and d?
20
Suppose 21879 = 40*k - 27*k. What is the highest common divisor of 612 and k?
153
Suppose 0 = 16*r - 12*r. Suppose r = -t + 7*t - 18. What is the highest common divisor of t and 2?
1
Suppose -32*g = 4*x - 27*g - 183, 2*g + 120 = 3*x. What is the greatest common divisor of x and 861?
21
Let t = 108 - 74. Let f = 38 - t. Suppose -4*a = a + 4*w - 703, -3*w - 581 = -f*a. Calculate the highest common factor of 11 and a.
11
Let i = 176 + -165. Let t = -73 + 110. Let l = t + -26. What is the greatest common factor of l and i?
11
Suppose 3*r = -5*h + 63, h + 72 - 87 = -3*r. What is the highest common divisor of h and 180?
12
Let a be -6 + 177/(-27) + 7 + 76996/18. Calculate the greatest common divisor of a and 48.
48
Suppose -y + 10 = -2*y. Suppose 17*h - 16*h - 126 = -5*u, 3*u + 7*h - 50 = 0. Let k = u + y. What is the highest common factor of k and 64?
16
Let g = 586 - 425. What is the highest common factor of 35 and g?
7
Let p be -1*5*182/(-130). Suppose -p + 62 = 11*z. Suppose -z*g + 701 = -574. What is the greatest common factor of 51 and g?
51
Let a be 8/20 - (-1 + (-228)/5). Let u = a + -44. Suppose -4*x - 296 = -u*s, 4*s - 353 = -2*x - x. What is the greatest common factor of s and 23?
23
Suppose -11186 = -5*d - 29*d. Suppose 315 = -d*g + 334*g. What is the highest common factor of g and 7?
7
Suppose m + 206 = 3*m - 102. What is the highest common divisor of m and 671?
11
Suppose -27*t = -986 - 31 - 1683. Calculate the greatest common divisor of t and 1250.
50
Suppose 2*u + 2*m - 4250 = 0, -26*m - 16 = -30*m. What is the greatest common divisor of 105 and u?
21
Let c(a) = -a**2 + 135*a - 2088. Let p be c(117). Let m(s) = s**3 + 2*s*